{"id":63,"date":"2018-01-25T19:51:52","date_gmt":"2018-01-25T19:51:52","guid":{"rendered":"https:\/\/ospkocic.edu.rs\/?page_id=63"},"modified":"2026-01-22T08:16:05","modified_gmt":"2026-01-22T07:16:05","slug":"%d0%ba%d0%be%d0%bd%d1%82%d0%b0%d0%ba%d1%82","status":"publish","type":"page","link":"https:\/\/ospkocic.edu.rs\/?page_id=63","title":{"rendered":"\u041a\u043e\u043d\u0442\u0430\u043a\u0442"},"content":{"rendered":"\n<p class=\"has-navy-blue-color has-text-color has-link-color wp-elements-0e726edcd581e8bcf7a8fb61c36337a0\"><strong>\u041e\u0421\u041d\u041e\u0412\u041d\u0410 \u0428\u041a\u041e\u041b\u0410 \u201e\u041f\u0415\u0422\u0410\u0420 \u041a\u041e\u0427\u0418\u040b\u201c<\/strong><\/p>\n\n\n\n<p class=\"has-navy-blue-color has-text-color has-link-color wp-elements-3882df5920eadc6a63b3045e1e42506c\"><strong>\u041e\u041f\u0428\u0422\u0418\u041d\u0410: <\/strong>\u0418\u043d\u0452\u0438\u0458\u0430<\/p>\n\n\n\n<p class=\"has-navy-blue-color has-text-color has-link-color wp-elements-464882dd605b2ba7b513910509735a38\"><strong>\u041c\u0415\u0421\u0422\u041e: <\/strong>\u0418\u043d\u0452\u0438\u0458\u0430<\/p>\n\n\n\n<p class=\"has-navy-blue-color has-text-color has-link-color wp-elements-a19c57aba8118fefd86229d88880cd0c\"><strong>\u0410\u0414\u0420\u0415\u0421\u0410: <\/strong>\u0426\u0430\u0440\u0430 \u0414\u0443\u0448\u0430\u043d\u0430 9<\/p>\n\n\n\n<p class=\"has-navy-blue-color has-text-color has-link-color wp-elements-3720449366dba3e12fe5a9aa34caca85\"><strong>\u0418\u0437\u0434\u0432\u043e\u0458\u0435\u043d\u043e \u043e\u0434\u0435\u0459\u0435\u045a\u0435 \u0409\u0443\u043a\u043e\u0432\u043e: <\/strong>1. \u041d\u043e\u0432\u0435\u043c\u0431\u0440\u0430 73<\/p>\n\n\n\n<p class=\"has-navy-blue-color has-text-color has-link-color wp-elements-20815ee6d3fcf9c07eaf4b814a9eb523\"><strong>\u0422\u0415\u041b\/\u0424\u0410\u041a\u0421: <\/strong>022\/561-540<\/p>\n\n\n\n<p class=\"has-navy-blue-color has-text-color has-link-color wp-elements-66b5a21fb4d38e620d8e0eeb7a860241\"><strong>\u0411\u0440\u043e\u0458 \u0442\u0435\u043b\u0435\u0444\u043e\u043d\u0430 \u0448\u043a\u043e\u043b\u0435 \u0443 \u0409\u0443\u043a\u043e\u0432\u0443: <\/strong>022\/587-841<\/p>\n\n\n\n<p class=\"has-navy-blue-color has-text-color has-link-color wp-elements-8cea3a41fbda5f6b86adf7fc197e59c0\"><strong>\u0411\u0440\u043e\u0458 \u0442\u0435\u043b\u0435\u0444\u043e\u043d\u0430 \u0441\u0435\u043a\u0440\u0435\u0442\u0430\u0440a: <\/strong>022\/555-895<\/p>\n\n\n\n<p class=\"has-navy-blue-color has-text-color has-link-color wp-elements-9d37d13dc859696da78c63d96af2b489\"><strong>\u0411\u0440\u043e\u0458 \u0442\u0435\u043b\u0435\u0444\u043e\u043d\u0430 \u0448\u0435\u0444 \u0440\u0430\u0447\u0443\u043d\u043e\u0432\u043e\u0434\u0441\u0442\u0432\u0430: <\/strong>022\/555-896<\/p>\n\n\n\n<p class=\"has-navy-blue-color has-text-color has-link-color wp-elements-4057ae29077d8fb0a47ec4bf35fcb808\"><strong>\u0415-mail: <\/strong>ospetarkocic@indjija.rs<\/p>\n\n\n\n<p class=\"has-navy-blue-color has-text-color has-link-color wp-elements-2d1e36d6d0592722b25a97afaf8066c3\"><strong>\u0428\u0418\u0424\u0420\u0410 \u0414\u0415\u041b\u0410\u0422\u041d\u041e\u0421\u0422\u0418: <\/strong>8520<\/p>\n\n\n\n<p class=\"has-navy-blue-color has-text-color has-link-color wp-elements-af6187cf12c3f9a9d9cfbd3c3e39dab3\"><strong>\u041f\u0418\u0411:&nbsp;<\/strong>100702079<\/p>\n\n\n\n<p class=\"has-navy-blue-color has-text-color has-link-color wp-elements-aa98137a185b4934fd631d4a9a851c4d\"><strong>\u041c\u0410\u0422\u0418\u0427\u041d\u0418 \u0411\u0420\u041e\u0408:&nbsp;<\/strong>08003980<\/p>\n\n\n\n<p class=\"has-navy-blue-color has-text-color has-link-color wp-elements-2125ecba5cf77f95b03876aa1ca06afa\"><strong>\u0420\u0415\u0413\u0418\u0421\u0422\u0410\u0420\u0421\u041a\u0418 \u0411\u0420\u041e\u0408:&nbsp;<\/strong>8216047996<\/p>\n\n\n\n<p class=\"has-navy-blue-color has-text-color has-link-color wp-elements-22eba7e681f8aaa1678b6769d33beb06\"><strong>\u0408\u0411\u041a\u0408\u0421: <\/strong>00532<\/p>\n\n\n\t\t<div\n            id=\"wpmapblock_c576c3ad\"\n            data-settings='{&quot;map_marker&quot;:[{&quot;lat&quot;:&quot;45.0463764&quot;,&quot;lng&quot;:&quot;20.0794005&quot;,&quot;title&quot;:&quot;\\u041d\\u0430\\u0448\\u0430 \\u0448\\u043a\\u043e\\u043b\\u0430&quot;,&quot;content&quot;:&quot;&quot;,&quot;iconType&quot;:&quot;default&quot;,&quot;customIconUrl&quot;:&quot;&quot;,&quot;customIconWidth&quot;:&quot;25&quot;,&quot;customIconHeight&quot;:&quot;40&quot;}],&quot;map_zoom&quot;:10,&quot;scroll_wheel_zoom&quot;:&quot;1&quot;,&quot;map_type&quot;:&quot;GM&quot;,&quot;center_index&quot;:0}'\n            class=\"wpmapblockrender\"\n            style=\"\n\t\t\twidth: 100%;\n\t\t\theight: 500px;\n\t\t\"\n            >\n        <\/div>\n        ","protected":false},"excerpt":{"rendered":"<p>\u041e\u0421\u041d\u041e\u0412\u041d\u0410 \u0428\u041a\u041e\u041b\u0410 \u201e\u041f\u0415\u0422\u0410\u0420 \u041a\u041e\u0427\u0418\u040b\u201c \u041e\u041f\u0428\u0422\u0418\u041d\u0410: \u0418\u043d\u0452\u0438\u0458\u0430 \u041c\u0415\u0421\u0422\u041e: \u0418\u043d\u0452\u0438\u0458\u0430 \u0410\u0414\u0420\u0415\u0421\u0410: \u0426\u0430\u0440\u0430 \u0414\u0443\u0448\u0430\u043d\u0430 9 \u0418\u0437\u0434\u0432\u043e\u0458\u0435\u043d\u043e \u043e\u0434\u0435\u0459\u0435\u045a\u0435 \u0409\u0443\u043a\u043e\u0432\u043e: 1. \u041d\u043e\u0432\u0435\u043c\u0431\u0440\u0430 73 \u0422\u0415\u041b\/\u0424\u0410\u041a\u0421: 022\/561-540 \u0411\u0440\u043e\u0458 \u0442\u0435\u043b\u0435\u0444\u043e\u043d\u0430 \u0448\u043a\u043e\u043b\u0435 \u0443 \u0409\u0443\u043a\u043e\u0432\u0443: 022\/587-841 \u0411\u0440\u043e\u0458 \u0442\u0435\u043b\u0435\u0444\u043e\u043d\u0430 \u0441\u0435\u043a\u0440\u0435\u0442\u0430\u0440a: 022\/555-895 \u0411\u0440\u043e\u0458 \u0442\u0435\u043b\u0435\u0444\u043e\u043d\u0430 \u0448\u0435\u0444 \u0440\u0430\u0447\u0443\u043d\u043e\u0432\u043e\u0434\u0441\u0442\u0432\u0430: 022\/555-896 \u0415-mail: ospetarkocic@indjija.rs \u0428\u0418\u0424\u0420\u0410 \u0414\u0415\u041b\u0410\u0422\u041d\u041e\u0421\u0422\u0418: 8520 <a href=\"https:\/\/ospkocic.edu.rs\/?page_id=63\" class=\"read-more\">Read More &#8230;<\/a><\/p>\n","protected":false},"author":1,"featured_media":0,"parent":0,"menu_order":0,"comment_status":"closed","ping_status":"closed","template":"","meta":{"footnotes":"","beyondwords_generate_audio":"1","beyondwords_integration_method":"rest-api","beyondwords_project_id":"","beyondwords_content_id":"","beyondwords_preview_token":"","beyondwords_player_content":"","beyondwords_player_style":"","beyondwords_language_code":"","beyondwords_language_id":"","beyondwords_title_voice_id":"","beyondwords_body_voice_id":"","beyondwords_summary_voice_id":"","beyondwords_error_message":"","beyondwords_disabled":"","beyondwords_delete_content":"","beyondwords_podcast_id":"","beyondwords_hash":"","publish_post_to_speechkit":"1","speechkit_hash":"","speechkit_generate_audio":"1","speechkit_project_id":"","speechkit_podcast_id":"","speechkit_error_message":"","speechkit_disabled":"","speechkit_access_key":"","speechkit_error":"","speechkit_info":"","speechkit_response":"","speechkit_retries":"","speechkit_status":"","speechkit_updated_at":"","_speechkit_link":"","_speechkit_text":""},"class_list":["post-63","page","type-page","status-publish","hentry"],"yoast_head":"<!-- This site is optimized with the Yoast SEO plugin v27.4 - https:\/\/yoast.com\/product\/yoast-seo-wordpress\/ -->\n<title>\u041a\u043e\u043d\u0442\u0430\u043a\u0442 - \u041e\u0428 ,,\u041f\u0435\u0442\u0430\u0440 \u041a\u043e\u0447\u0438\u045b&quot;, \u0418\u043d\u0452\u0438\u0458\u0430<\/title>\n<meta name=\"robots\" content=\"index, follow, max-snippet:-1, max-image-preview:large, max-video-preview:-1\" \/>\n<link rel=\"canonical\" href=\"https:\/\/ospkocic.edu.rs\/?page_id=63\" \/>\n<meta property=\"og:locale\" content=\"en_US\" \/>\n<meta property=\"og:type\" content=\"article\" \/>\n<meta property=\"og:title\" content=\"\u041a\u043e\u043d\u0442\u0430\u043a\u0442 - \u041e\u0428 ,,\u041f\u0435\u0442\u0430\u0440 \u041a\u043e\u0447\u0438\u045b&quot;, \u0418\u043d\u0452\u0438\u0458\u0430\" \/>\n<meta property=\"og:description\" content=\"\u041e\u0421\u041d\u041e\u0412\u041d\u0410 \u0428\u041a\u041e\u041b\u0410 \u201e\u041f\u0415\u0422\u0410\u0420 \u041a\u041e\u0427\u0418\u040b\u201c \u041e\u041f\u0428\u0422\u0418\u041d\u0410: \u0418\u043d\u0452\u0438\u0458\u0430 \u041c\u0415\u0421\u0422\u041e: \u0418\u043d\u0452\u0438\u0458\u0430 \u0410\u0414\u0420\u0415\u0421\u0410: \u0426\u0430\u0440\u0430 \u0414\u0443\u0448\u0430\u043d\u0430 9 \u0418\u0437\u0434\u0432\u043e\u0458\u0435\u043d\u043e \u043e\u0434\u0435\u0459\u0435\u045a\u0435 \u0409\u0443\u043a\u043e\u0432\u043e: 1. \u041d\u043e\u0432\u0435\u043c\u0431\u0440\u0430 73 \u0422\u0415\u041b\/\u0424\u0410\u041a\u0421: 022\/561-540 \u0411\u0440\u043e\u0458 \u0442\u0435\u043b\u0435\u0444\u043e\u043d\u0430 \u0448\u043a\u043e\u043b\u0435 \u0443 \u0409\u0443\u043a\u043e\u0432\u0443: 022\/587-841 \u0411\u0440\u043e\u0458 \u0442\u0435\u043b\u0435\u0444\u043e\u043d\u0430 \u0441\u0435\u043a\u0440\u0435\u0442\u0430\u0440a: 022\/555-895 \u0411\u0440\u043e\u0458 \u0442\u0435\u043b\u0435\u0444\u043e\u043d\u0430 \u0448\u0435\u0444 \u0440\u0430\u0447\u0443\u043d\u043e\u0432\u043e\u0434\u0441\u0442\u0432\u0430: 022\/555-896 \u0415-mail: ospetarkocic@indjija.rs \u0428\u0418\u0424\u0420\u0410 \u0414\u0415\u041b\u0410\u0422\u041d\u041e\u0421\u0422\u0418: 8520 Read More ...\" \/>\n<meta property=\"og:url\" content=\"https:\/\/ospkocic.edu.rs\/?page_id=63\" \/>\n<meta property=\"og:site_name\" content=\"\u041e\u0428 ,,\u041f\u0435\u0442\u0430\u0440 \u041a\u043e\u0447\u0438\u045b&quot;, \u0418\u043d\u0452\u0438\u0458\u0430\" \/>\n<meta property=\"article:publisher\" content=\"https:\/\/www.facebook.com\/groups\/8088991261\" \/>\n<meta property=\"article:modified_time\" content=\"2026-01-22T07:16:05+00:00\" \/>\n<meta name=\"twitter:card\" content=\"summary_large_image\" \/>\n<meta name=\"twitter:label1\" content=\"Est. reading time\" \/>\n\t<meta name=\"twitter:data1\" content=\"1 minute\" \/>\n<script type=\"application\/ld+json\" class=\"yoast-schema-graph\">{\"@context\":\"https:\\\/\\\/schema.org\",\"@graph\":[{\"@type\":\"WebPage\",\"@id\":\"https:\\\/\\\/ospkocic.edu.rs\\\/?page_id=63\",\"url\":\"https:\\\/\\\/ospkocic.edu.rs\\\/?page_id=63\",\"name\":\"\u041a\u043e\u043d\u0442\u0430\u043a\u0442 - \u041e\u0428 ,,\u041f\u0435\u0442\u0430\u0440 \u041a\u043e\u0447\u0438\u045b&quot;, \u0418\u043d\u0452\u0438\u0458\u0430\",\"isPartOf\":{\"@id\":\"https:\\\/\\\/ospkocic.edu.rs\\\/#website\"},\"datePublished\":\"2018-01-25T19:51:52+00:00\",\"dateModified\":\"2026-01-22T07:16:05+00:00\",\"breadcrumb\":{\"@id\":\"https:\\\/\\\/ospkocic.edu.rs\\\/?page_id=63#breadcrumb\"},\"inLanguage\":\"en-US\",\"potentialAction\":[{\"@type\":\"ReadAction\",\"target\":[\"https:\\\/\\\/ospkocic.edu.rs\\\/?page_id=63\"]}]},{\"@type\":\"BreadcrumbList\",\"@id\":\"https:\\\/\\\/ospkocic.edu.rs\\\/?page_id=63#breadcrumb\",\"itemListElement\":[{\"@type\":\"ListItem\",\"position\":1,\"name\":\"Home\",\"item\":\"https:\\\/\\\/ospkocic.edu.rs\\\/\"},{\"@type\":\"ListItem\",\"position\":2,\"name\":\"\u041a\u043e\u043d\u0442\u0430\u043a\u0442\"}]},{\"@type\":\"WebSite\",\"@id\":\"https:\\\/\\\/ospkocic.edu.rs\\\/#website\",\"url\":\"https:\\\/\\\/ospkocic.edu.rs\\\/\",\"name\":\"\u041e\u0428 ,,\u041f\u0435\u0442\u0430\u0440 \u041a\u043e\u0447\u0438\u045b&quot;, \u0418\u043d\u0452\u0438\u0458\u0430\",\"description\":\"O\u0160 Petar Ko\u010di\u0107 In\u0111ija\",\"publisher\":{\"@id\":\"https:\\\/\\\/ospkocic.edu.rs\\\/#organization\"},\"potentialAction\":[{\"@type\":\"SearchAction\",\"target\":{\"@type\":\"EntryPoint\",\"urlTemplate\":\"https:\\\/\\\/ospkocic.edu.rs\\\/?s={search_term_string}\"},\"query-input\":{\"@type\":\"PropertyValueSpecification\",\"valueRequired\":true,\"valueName\":\"search_term_string\"}}],\"inLanguage\":\"en-US\"},{\"@type\":\"Organization\",\"@id\":\"https:\\\/\\\/ospkocic.edu.rs\\\/#organization\",\"name\":\"O\u0160 Petar Ko\u010di\u0107 In\u0111ija\",\"url\":\"https:\\\/\\\/ospkocic.edu.rs\\\/\",\"logo\":{\"@type\":\"ImageObject\",\"inLanguage\":\"en-US\",\"@id\":\"https:\\\/\\\/ospkocic.edu.rs\\\/#\\\/schema\\\/logo\\\/image\\\/\",\"url\":\"https:\\\/\\\/ospkocic.edu.rs\\\/wp-content\\\/uploads\\\/2022\\\/04\\\/logo.png\",\"contentUrl\":\"https:\\\/\\\/ospkocic.edu.rs\\\/wp-content\\\/uploads\\\/2022\\\/04\\\/logo.png\",\"width\":120,\"height\":160,\"caption\":\"O\u0160 Petar Ko\u010di\u0107 In\u0111ija\"},\"image\":{\"@id\":\"https:\\\/\\\/ospkocic.edu.rs\\\/#\\\/schema\\\/logo\\\/image\\\/\"},\"sameAs\":[\"https:\\\/\\\/www.facebook.com\\\/groups\\\/8088991261\",\"https:\\\/\\\/www.youtube.com\\\/channel\\\/UCNXE9uAnynPmW8m6xY_k2ig\"]}]}<\/script>\n<!-- \/ Yoast SEO plugin. -->","yoast_head_json":{"title":"\u041a\u043e\u043d\u0442\u0430\u043a\u0442 - \u041e\u0428 ,,\u041f\u0435\u0442\u0430\u0440 \u041a\u043e\u0447\u0438\u045b&quot;, \u0418\u043d\u0452\u0438\u0458\u0430","robots":{"index":"index","follow":"follow","max-snippet":"max-snippet:-1","max-image-preview":"max-image-preview:large","max-video-preview":"max-video-preview:-1"},"canonical":"https:\/\/ospkocic.edu.rs\/?page_id=63","og_locale":"en_US","og_type":"article","og_title":"\u041a\u043e\u043d\u0442\u0430\u043a\u0442 - \u041e\u0428 ,,\u041f\u0435\u0442\u0430\u0440 \u041a\u043e\u0447\u0438\u045b&quot;, \u0418\u043d\u0452\u0438\u0458\u0430","og_description":"\u041e\u0421\u041d\u041e\u0412\u041d\u0410 \u0428\u041a\u041e\u041b\u0410 \u201e\u041f\u0415\u0422\u0410\u0420 \u041a\u041e\u0427\u0418\u040b\u201c \u041e\u041f\u0428\u0422\u0418\u041d\u0410: \u0418\u043d\u0452\u0438\u0458\u0430 \u041c\u0415\u0421\u0422\u041e: \u0418\u043d\u0452\u0438\u0458\u0430 \u0410\u0414\u0420\u0415\u0421\u0410: \u0426\u0430\u0440\u0430 \u0414\u0443\u0448\u0430\u043d\u0430 9 \u0418\u0437\u0434\u0432\u043e\u0458\u0435\u043d\u043e \u043e\u0434\u0435\u0459\u0435\u045a\u0435 \u0409\u0443\u043a\u043e\u0432\u043e: 1. \u041d\u043e\u0432\u0435\u043c\u0431\u0440\u0430 73 \u0422\u0415\u041b\/\u0424\u0410\u041a\u0421: 022\/561-540 \u0411\u0440\u043e\u0458 \u0442\u0435\u043b\u0435\u0444\u043e\u043d\u0430 \u0448\u043a\u043e\u043b\u0435 \u0443 \u0409\u0443\u043a\u043e\u0432\u0443: 022\/587-841 \u0411\u0440\u043e\u0458 \u0442\u0435\u043b\u0435\u0444\u043e\u043d\u0430 \u0441\u0435\u043a\u0440\u0435\u0442\u0430\u0440a: 022\/555-895 \u0411\u0440\u043e\u0458 \u0442\u0435\u043b\u0435\u0444\u043e\u043d\u0430 \u0448\u0435\u0444 \u0440\u0430\u0447\u0443\u043d\u043e\u0432\u043e\u0434\u0441\u0442\u0432\u0430: 022\/555-896 \u0415-mail: ospetarkocic@indjija.rs \u0428\u0418\u0424\u0420\u0410 \u0414\u0415\u041b\u0410\u0422\u041d\u041e\u0421\u0422\u0418: 8520 Read More ...","og_url":"https:\/\/ospkocic.edu.rs\/?page_id=63","og_site_name":"\u041e\u0428 ,,\u041f\u0435\u0442\u0430\u0440 \u041a\u043e\u0447\u0438\u045b&quot;, \u0418\u043d\u0452\u0438\u0458\u0430","article_publisher":"https:\/\/www.facebook.com\/groups\/8088991261","article_modified_time":"2026-01-22T07:16:05+00:00","twitter_card":"summary_large_image","twitter_misc":{"Est. reading time":"1 minute"},"schema":{"@context":"https:\/\/schema.org","@graph":[{"@type":"WebPage","@id":"https:\/\/ospkocic.edu.rs\/?page_id=63","url":"https:\/\/ospkocic.edu.rs\/?page_id=63","name":"\u041a\u043e\u043d\u0442\u0430\u043a\u0442 - \u041e\u0428 ,,\u041f\u0435\u0442\u0430\u0440 \u041a\u043e\u0447\u0438\u045b&quot;, \u0418\u043d\u0452\u0438\u0458\u0430","isPartOf":{"@id":"https:\/\/ospkocic.edu.rs\/#website"},"datePublished":"2018-01-25T19:51:52+00:00","dateModified":"2026-01-22T07:16:05+00:00","breadcrumb":{"@id":"https:\/\/ospkocic.edu.rs\/?page_id=63#breadcrumb"},"inLanguage":"en-US","potentialAction":[{"@type":"ReadAction","target":["https:\/\/ospkocic.edu.rs\/?page_id=63"]}]},{"@type":"BreadcrumbList","@id":"https:\/\/ospkocic.edu.rs\/?page_id=63#breadcrumb","itemListElement":[{"@type":"ListItem","position":1,"name":"Home","item":"https:\/\/ospkocic.edu.rs\/"},{"@type":"ListItem","position":2,"name":"\u041a\u043e\u043d\u0442\u0430\u043a\u0442"}]},{"@type":"WebSite","@id":"https:\/\/ospkocic.edu.rs\/#website","url":"https:\/\/ospkocic.edu.rs\/","name":"\u041e\u0428 ,,\u041f\u0435\u0442\u0430\u0440 \u041a\u043e\u0447\u0438\u045b&quot;, \u0418\u043d\u0452\u0438\u0458\u0430","description":"O\u0160 Petar Ko\u010di\u0107 In\u0111ija","publisher":{"@id":"https:\/\/ospkocic.edu.rs\/#organization"},"potentialAction":[{"@type":"SearchAction","target":{"@type":"EntryPoint","urlTemplate":"https:\/\/ospkocic.edu.rs\/?s={search_term_string}"},"query-input":{"@type":"PropertyValueSpecification","valueRequired":true,"valueName":"search_term_string"}}],"inLanguage":"en-US"},{"@type":"Organization","@id":"https:\/\/ospkocic.edu.rs\/#organization","name":"O\u0160 Petar Ko\u010di\u0107 In\u0111ija","url":"https:\/\/ospkocic.edu.rs\/","logo":{"@type":"ImageObject","inLanguage":"en-US","@id":"https:\/\/ospkocic.edu.rs\/#\/schema\/logo\/image\/","url":"https:\/\/ospkocic.edu.rs\/wp-content\/uploads\/2022\/04\/logo.png","contentUrl":"https:\/\/ospkocic.edu.rs\/wp-content\/uploads\/2022\/04\/logo.png","width":120,"height":160,"caption":"O\u0160 Petar Ko\u010di\u0107 In\u0111ija"},"image":{"@id":"https:\/\/ospkocic.edu.rs\/#\/schema\/logo\/image\/"},"sameAs":["https:\/\/www.facebook.com\/groups\/8088991261","https:\/\/www.youtube.com\/channel\/UCNXE9uAnynPmW8m6xY_k2ig"]}]}},"_links":{"self":[{"href":"https:\/\/ospkocic.edu.rs\/index.php?rest_route=\/wp\/v2\/pages\/63","targetHints":{"allow":["GET"]}}],"collection":[{"href":"https:\/\/ospkocic.edu.rs\/index.php?rest_route=\/wp\/v2\/pages"}],"about":[{"href":"https:\/\/ospkocic.edu.rs\/index.php?rest_route=\/wp\/v2\/types\/page"}],"author":[{"embeddable":true,"href":"https:\/\/ospkocic.edu.rs\/index.php?rest_route=\/wp\/v2\/users\/1"}],"replies":[{"embeddable":true,"href":"https:\/\/ospkocic.edu.rs\/index.php?rest_route=%2Fwp%2Fv2%2Fcomments&post=63"}],"version-history":[{"count":14,"href":"https:\/\/ospkocic.edu.rs\/index.php?rest_route=\/wp\/v2\/pages\/63\/revisions"}],"predecessor-version":[{"id":3895,"href":"https:\/\/ospkocic.edu.rs\/index.php?rest_route=\/wp\/v2\/pages\/63\/revisions\/3895"}],"wp:attachment":[{"href":"https:\/\/ospkocic.edu.rs\/index.php?rest_route=%2Fwp%2Fv2%2Fmedia&parent=63"}],"curies":[{"name":"wp","href":"https:\/\/api.w.org\/{rel}","templated":true}]}}