{"id":55,"date":"2018-01-25T19:49:23","date_gmt":"2018-01-25T19:49:23","guid":{"rendered":"https:\/\/ospkocic.edu.rs\/?page_id=55"},"modified":"2025-10-28T11:30:05","modified_gmt":"2025-10-28T10:30:05","slug":"%d1%80%d0%b0%d1%81%d0%bf%d0%be%d1%80%d0%b5%d0%b4%d0%b8","status":"publish","type":"page","link":"https:\/\/ospkocic.edu.rs\/?page_id=55","title":{"rendered":"\u0420\u0430\u0441\u043f\u043e\u0440\u0435\u0434\u0438"},"content":{"rendered":"\n<div data-wp-interactive=\"core\/file\" class=\"wp-block-file\"><object data-wp-bind--hidden=\"!state.hasPdfPreview\" hidden class=\"wp-block-file__embed\" data=\"https:\/\/ospkocic.edu.rs\/wp-content\/uploads\/2025\/10\/Raspored-\u04103-predmetna-nastava.pdf\" type=\"application\/pdf\" style=\"width:100%;height:600px\" aria-label=\"Embed of Raspored \u04103 predmetna nastava.\"><\/object><a id=\"wp-block-file--media-91f1de21-542c-4fe2-b622-7023082c1a1c\" href=\"https:\/\/ospkocic.edu.rs\/wp-content\/uploads\/2025\/10\/Raspored-\u04103-predmetna-nastava.pdf\">Raspored \u04103 predmetna nastava<\/a><a href=\"https:\/\/ospkocic.edu.rs\/wp-content\/uploads\/2025\/10\/Raspored-\u04103-predmetna-nastava.pdf\" class=\"wp-block-file__button wp-element-button\" download aria-describedby=\"wp-block-file--media-91f1de21-542c-4fe2-b622-7023082c1a1c\">Download<\/a><\/div>\n\n\n\n<div data-wp-interactive=\"core\/file\" class=\"wp-block-file\"><object data-wp-bind--hidden=\"!state.hasPdfPreview\" hidden class=\"wp-block-file__embed\" data=\"https:\/\/ospkocic.edu.rs\/wp-content\/uploads\/2025\/10\/Raspored-\u04103-razredna-nastava.pdf\" type=\"application\/pdf\" style=\"width:100%;height:600px\" aria-label=\"Embed of Raspored \u04103 razredna nastava.\"><\/object><a id=\"wp-block-file--media-accc5eb2-ccc6-4465-b718-3b2e65365eb9\" href=\"https:\/\/ospkocic.edu.rs\/wp-content\/uploads\/2025\/10\/Raspored-\u04103-razredna-nastava.pdf\">Raspored \u04103 razredna nastava<\/a><a href=\"https:\/\/ospkocic.edu.rs\/wp-content\/uploads\/2025\/10\/Raspored-\u04103-razredna-nastava.pdf\" class=\"wp-block-file__button wp-element-button\" download aria-describedby=\"wp-block-file--media-accc5eb2-ccc6-4465-b718-3b2e65365eb9\">Download<\/a><\/div>\n\n\n\n<div class=\"wp-block-file\"><a id=\"wp-block-file--media-defea71b-c7c9-4604-801e-1869d7643dea\" href=\"https:\/\/ospkocic.edu.rs\/wp-content\/uploads\/2025\/10\/\u0420\u0410\u0421\u041f\u041e\u0420\u0415\u0414-\u0423\u0427\u0418\u041e\u041d\u0418\u0426\u0410-\u0428\u041a\u041e\u041b\u0421\u041a\u0415-2025-2026.pdf\">\u0420\u0410\u0421\u041f\u041e\u0420\u0415\u0414 \u0423\u0427\u0418\u041e\u041d\u0418\u0426\u0410 \u0428\u041a\u041e\u041b\u0421\u041a\u0415 2025-2026<\/a><a href=\"https:\/\/ospkocic.edu.rs\/wp-content\/uploads\/2025\/10\/\u0420\u0410\u0421\u041f\u041e\u0420\u0415\u0414-\u0423\u0427\u0418\u041e\u041d\u0418\u0426\u0410-\u0428\u041a\u041e\u041b\u0421\u041a\u0415-2025-2026.pdf\" class=\"wp-block-file__button wp-element-button\" download aria-describedby=\"wp-block-file--media-defea71b-c7c9-4604-801e-1869d7643dea\">Download<\/a><\/div>\n\n\n\n<div class=\"wp-block-file\"><a id=\"wp-block-file--media-6a002d23-fe0b-4e88-8f04-bfc127546211\" href=\"https:\/\/ospkocic.edu.rs\/wp-content\/uploads\/2025\/10\/\u0420\u0410\u0421\u041f\u041e\u0420\u0415\u0414-\u0414\u0415\u0416.\u041d\u0410\u0421\u0422\u0410\u0412\u041d\u0418\u0426\u0418-2025-26.pdf\">\u0420\u0410\u0421\u041f\u041e\u0420\u0415\u0414-\u0414\u0415\u0416.\u041d\u0410\u0421\u0422\u0410\u0412\u041d\u0418\u0426\u0418-2025-26<\/a><a href=\"https:\/\/ospkocic.edu.rs\/wp-content\/uploads\/2025\/10\/\u0420\u0410\u0421\u041f\u041e\u0420\u0415\u0414-\u0414\u0415\u0416.\u041d\u0410\u0421\u0422\u0410\u0412\u041d\u0418\u0426\u0418-2025-26.pdf\" class=\"wp-block-file__button wp-element-button\" download aria-describedby=\"wp-block-file--media-6a002d23-fe0b-4e88-8f04-bfc127546211\">Download<\/a><\/div>\n\n\n\n<div class=\"wp-block-file\"><a id=\"wp-block-file--media-e55681eb-4995-4cf7-bdae-4b43ed820d2b\" href=\"https:\/\/ospkocic.edu.rs\/wp-content\/uploads\/2025\/10\/\u0420\u0410\u0421\u041f\u041e\u0420\u0415\u0414-\u0414\u0415\u0416.\u0423\u0427\u0418\u0422\u0415\u0409\u0418-2025-26.pdf\">\u0420\u0410\u0421\u041f\u041e\u0420\u0415\u0414-\u0414\u0415\u0416.\u0423\u0427\u0418\u0422\u0415\u0409\u0418-2025-26<\/a><a href=\"https:\/\/ospkocic.edu.rs\/wp-content\/uploads\/2025\/10\/\u0420\u0410\u0421\u041f\u041e\u0420\u0415\u0414-\u0414\u0415\u0416.\u0423\u0427\u0418\u0422\u0415\u0409\u0418-2025-26.pdf\" class=\"wp-block-file__button wp-element-button\" download aria-describedby=\"wp-block-file--media-e55681eb-4995-4cf7-bdae-4b43ed820d2b\">Download<\/a><\/div>\n\n\n\n<div data-wp-interactive=\"core\/file\" class=\"wp-block-file\"><object data-wp-bind--hidden=\"!state.hasPdfPreview\" hidden class=\"wp-block-file__embed\" data=\"https:\/\/ospkocic.edu.rs\/wp-content\/uploads\/2025\/10\/\u0420\u0430\u0441\u043f\u043e\u0440\u0435\u0434-\u043e\u0442\u0432\u043e\u0440\u0435\u043d\u0438\u0445-\u0432\u0440\u0430\u0442\u0430.pdf\" type=\"application\/pdf\" style=\"width:100%;height:600px\" aria-label=\"Embed of \u0420\u0430\u0441\u043f\u043e\u0440\u0435\u0434 \u043e\u0442\u0432\u043e\u0440\u0435\u043d\u0438\u0445 \u0432\u0440\u0430\u0442\u0430.\"><\/object><a id=\"wp-block-file--media-80941a5b-eb85-4d61-8dba-1198c069a3c1\" href=\"https:\/\/ospkocic.edu.rs\/wp-content\/uploads\/2025\/10\/\u0420\u0430\u0441\u043f\u043e\u0440\u0435\u0434-\u043e\u0442\u0432\u043e\u0440\u0435\u043d\u0438\u0445-\u0432\u0440\u0430\u0442\u0430.pdf\">\u0420\u0430\u0441\u043f\u043e\u0440\u0435\u0434 \u043e\u0442\u0432\u043e\u0440\u0435\u043d\u0438\u0445 \u0432\u0440\u0430\u0442\u0430<\/a><a href=\"https:\/\/ospkocic.edu.rs\/wp-content\/uploads\/2025\/10\/\u0420\u0430\u0441\u043f\u043e\u0440\u0435\u0434-\u043e\u0442\u0432\u043e\u0440\u0435\u043d\u0438\u0445-\u0432\u0440\u0430\u0442\u0430.pdf\" class=\"wp-block-file__button wp-element-button\" download aria-describedby=\"wp-block-file--media-80941a5b-eb85-4d61-8dba-1198c069a3c1\">Download<\/a><\/div>\n","protected":false},"excerpt":{"rendered":"","protected":false},"author":1,"featured_media":0,"parent":0,"menu_order":0,"comment_status":"closed","ping_status":"closed","template":"","meta":{"footnotes":"","beyondwords_generate_audio":"","beyondwords_integration_method":"","beyondwords_project_id":"","beyondwords_content_id":"","beyondwords_preview_token":"","beyondwords_player_content":"","beyondwords_player_style":"","beyondwords_language_code":"","beyondwords_language_id":"","beyondwords_title_voice_id":"","beyondwords_body_voice_id":"","beyondwords_summary_voice_id":"","beyondwords_error_message":"","beyondwords_disabled":"","beyondwords_delete_content":"","beyondwords_podcast_id":"","beyondwords_hash":"","publish_post_to_speechkit":"","speechkit_hash":"","speechkit_generate_audio":"","speechkit_project_id":"","speechkit_podcast_id":"","speechkit_error_message":"","speechkit_disabled":"","speechkit_access_key":"","speechkit_error":"","speechkit_info":"","speechkit_response":"","speechkit_retries":"","speechkit_status":"","speechkit_updated_at":"","_speechkit_link":"","_speechkit_text":""},"class_list":["post-55","page","type-page","status-publish","hentry"],"yoast_head":"<!-- This site is optimized with the Yoast SEO plugin v27.4 - https:\/\/yoast.com\/product\/yoast-seo-wordpress\/ -->\n<title>\u0420\u0430\u0441\u043f\u043e\u0440\u0435\u0434\u0438 - \u041e\u0428 ,,\u041f\u0435\u0442\u0430\u0440 \u041a\u043e\u0447\u0438\u045b&quot;, \u0418\u043d\u0452\u0438\u0458\u0430<\/title>\n<meta name=\"robots\" content=\"index, follow, max-snippet:-1, max-image-preview:large, max-video-preview:-1\" \/>\n<link rel=\"canonical\" href=\"https:\/\/ospkocic.edu.rs\/?page_id=55\" \/>\n<meta property=\"og:locale\" content=\"en_US\" \/>\n<meta property=\"og:type\" content=\"article\" \/>\n<meta property=\"og:title\" content=\"\u0420\u0430\u0441\u043f\u043e\u0440\u0435\u0434\u0438 - \u041e\u0428 ,,\u041f\u0435\u0442\u0430\u0440 \u041a\u043e\u0447\u0438\u045b&quot;, \u0418\u043d\u0452\u0438\u0458\u0430\" \/>\n<meta property=\"og:url\" content=\"https:\/\/ospkocic.edu.rs\/?page_id=55\" \/>\n<meta property=\"og:site_name\" content=\"\u041e\u0428 ,,\u041f\u0435\u0442\u0430\u0440 \u041a\u043e\u0447\u0438\u045b&quot;, \u0418\u043d\u0452\u0438\u0458\u0430\" \/>\n<meta property=\"article:publisher\" content=\"https:\/\/www.facebook.com\/groups\/8088991261\" \/>\n<meta property=\"article:modified_time\" content=\"2025-10-28T10:30:05+00:00\" \/>\n<meta name=\"twitter:card\" content=\"summary_large_image\" \/>\n<meta name=\"twitter:label1\" content=\"Est. reading time\" \/>\n\t<meta name=\"twitter:data1\" content=\"1 minute\" \/>\n<script type=\"application\/ld+json\" class=\"yoast-schema-graph\">{\"@context\":\"https:\\\/\\\/schema.org\",\"@graph\":[{\"@type\":\"WebPage\",\"@id\":\"https:\\\/\\\/ospkocic.edu.rs\\\/?page_id=55\",\"url\":\"https:\\\/\\\/ospkocic.edu.rs\\\/?page_id=55\",\"name\":\"\u0420\u0430\u0441\u043f\u043e\u0440\u0435\u0434\u0438 - \u041e\u0428 ,,\u041f\u0435\u0442\u0430\u0440 \u041a\u043e\u0447\u0438\u045b&quot;, \u0418\u043d\u0452\u0438\u0458\u0430\",\"isPartOf\":{\"@id\":\"https:\\\/\\\/ospkocic.edu.rs\\\/#website\"},\"datePublished\":\"2018-01-25T19:49:23+00:00\",\"dateModified\":\"2025-10-28T10:30:05+00:00\",\"breadcrumb\":{\"@id\":\"https:\\\/\\\/ospkocic.edu.rs\\\/?page_id=55#breadcrumb\"},\"inLanguage\":\"en-US\",\"potentialAction\":[{\"@type\":\"ReadAction\",\"target\":[\"https:\\\/\\\/ospkocic.edu.rs\\\/?page_id=55\"]}]},{\"@type\":\"BreadcrumbList\",\"@id\":\"https:\\\/\\\/ospkocic.edu.rs\\\/?page_id=55#breadcrumb\",\"itemListElement\":[{\"@type\":\"ListItem\",\"position\":1,\"name\":\"Home\",\"item\":\"https:\\\/\\\/ospkocic.edu.rs\\\/\"},{\"@type\":\"ListItem\",\"position\":2,\"name\":\"\u0420\u0430\u0441\u043f\u043e\u0440\u0435\u0434\u0438\"}]},{\"@type\":\"WebSite\",\"@id\":\"https:\\\/\\\/ospkocic.edu.rs\\\/#website\",\"url\":\"https:\\\/\\\/ospkocic.edu.rs\\\/\",\"name\":\"\u041e\u0428 ,,\u041f\u0435\u0442\u0430\u0440 \u041a\u043e\u0447\u0438\u045b&quot;, \u0418\u043d\u0452\u0438\u0458\u0430\",\"description\":\"O\u0160 Petar Ko\u010di\u0107 In\u0111ija\",\"publisher\":{\"@id\":\"https:\\\/\\\/ospkocic.edu.rs\\\/#organization\"},\"potentialAction\":[{\"@type\":\"SearchAction\",\"target\":{\"@type\":\"EntryPoint\",\"urlTemplate\":\"https:\\\/\\\/ospkocic.edu.rs\\\/?s={search_term_string}\"},\"query-input\":{\"@type\":\"PropertyValueSpecification\",\"valueRequired\":true,\"valueName\":\"search_term_string\"}}],\"inLanguage\":\"en-US\"},{\"@type\":\"Organization\",\"@id\":\"https:\\\/\\\/ospkocic.edu.rs\\\/#organization\",\"name\":\"O\u0160 Petar Ko\u010di\u0107 In\u0111ija\",\"url\":\"https:\\\/\\\/ospkocic.edu.rs\\\/\",\"logo\":{\"@type\":\"ImageObject\",\"inLanguage\":\"en-US\",\"@id\":\"https:\\\/\\\/ospkocic.edu.rs\\\/#\\\/schema\\\/logo\\\/image\\\/\",\"url\":\"https:\\\/\\\/ospkocic.edu.rs\\\/wp-content\\\/uploads\\\/2022\\\/04\\\/logo.png\",\"contentUrl\":\"https:\\\/\\\/ospkocic.edu.rs\\\/wp-content\\\/uploads\\\/2022\\\/04\\\/logo.png\",\"width\":120,\"height\":160,\"caption\":\"O\u0160 Petar Ko\u010di\u0107 In\u0111ija\"},\"image\":{\"@id\":\"https:\\\/\\\/ospkocic.edu.rs\\\/#\\\/schema\\\/logo\\\/image\\\/\"},\"sameAs\":[\"https:\\\/\\\/www.facebook.com\\\/groups\\\/8088991261\",\"https:\\\/\\\/www.youtube.com\\\/channel\\\/UCNXE9uAnynPmW8m6xY_k2ig\"]}]}<\/script>\n<!-- \/ Yoast SEO plugin. -->","yoast_head_json":{"title":"\u0420\u0430\u0441\u043f\u043e\u0440\u0435\u0434\u0438 - \u041e\u0428 ,,\u041f\u0435\u0442\u0430\u0440 \u041a\u043e\u0447\u0438\u045b&quot;, \u0418\u043d\u0452\u0438\u0458\u0430","robots":{"index":"index","follow":"follow","max-snippet":"max-snippet:-1","max-image-preview":"max-image-preview:large","max-video-preview":"max-video-preview:-1"},"canonical":"https:\/\/ospkocic.edu.rs\/?page_id=55","og_locale":"en_US","og_type":"article","og_title":"\u0420\u0430\u0441\u043f\u043e\u0440\u0435\u0434\u0438 - \u041e\u0428 ,,\u041f\u0435\u0442\u0430\u0440 \u041a\u043e\u0447\u0438\u045b&quot;, \u0418\u043d\u0452\u0438\u0458\u0430","og_url":"https:\/\/ospkocic.edu.rs\/?page_id=55","og_site_name":"\u041e\u0428 ,,\u041f\u0435\u0442\u0430\u0440 \u041a\u043e\u0447\u0438\u045b&quot;, \u0418\u043d\u0452\u0438\u0458\u0430","article_publisher":"https:\/\/www.facebook.com\/groups\/8088991261","article_modified_time":"2025-10-28T10:30:05+00:00","twitter_card":"summary_large_image","twitter_misc":{"Est. reading time":"1 minute"},"schema":{"@context":"https:\/\/schema.org","@graph":[{"@type":"WebPage","@id":"https:\/\/ospkocic.edu.rs\/?page_id=55","url":"https:\/\/ospkocic.edu.rs\/?page_id=55","name":"\u0420\u0430\u0441\u043f\u043e\u0440\u0435\u0434\u0438 - \u041e\u0428 ,,\u041f\u0435\u0442\u0430\u0440 \u041a\u043e\u0447\u0438\u045b&quot;, \u0418\u043d\u0452\u0438\u0458\u0430","isPartOf":{"@id":"https:\/\/ospkocic.edu.rs\/#website"},"datePublished":"2018-01-25T19:49:23+00:00","dateModified":"2025-10-28T10:30:05+00:00","breadcrumb":{"@id":"https:\/\/ospkocic.edu.rs\/?page_id=55#breadcrumb"},"inLanguage":"en-US","potentialAction":[{"@type":"ReadAction","target":["https:\/\/ospkocic.edu.rs\/?page_id=55"]}]},{"@type":"BreadcrumbList","@id":"https:\/\/ospkocic.edu.rs\/?page_id=55#breadcrumb","itemListElement":[{"@type":"ListItem","position":1,"name":"Home","item":"https:\/\/ospkocic.edu.rs\/"},{"@type":"ListItem","position":2,"name":"\u0420\u0430\u0441\u043f\u043e\u0440\u0435\u0434\u0438"}]},{"@type":"WebSite","@id":"https:\/\/ospkocic.edu.rs\/#website","url":"https:\/\/ospkocic.edu.rs\/","name":"\u041e\u0428 ,,\u041f\u0435\u0442\u0430\u0440 \u041a\u043e\u0447\u0438\u045b&quot;, \u0418\u043d\u0452\u0438\u0458\u0430","description":"O\u0160 Petar Ko\u010di\u0107 In\u0111ija","publisher":{"@id":"https:\/\/ospkocic.edu.rs\/#organization"},"potentialAction":[{"@type":"SearchAction","target":{"@type":"EntryPoint","urlTemplate":"https:\/\/ospkocic.edu.rs\/?s={search_term_string}"},"query-input":{"@type":"PropertyValueSpecification","valueRequired":true,"valueName":"search_term_string"}}],"inLanguage":"en-US"},{"@type":"Organization","@id":"https:\/\/ospkocic.edu.rs\/#organization","name":"O\u0160 Petar Ko\u010di\u0107 In\u0111ija","url":"https:\/\/ospkocic.edu.rs\/","logo":{"@type":"ImageObject","inLanguage":"en-US","@id":"https:\/\/ospkocic.edu.rs\/#\/schema\/logo\/image\/","url":"https:\/\/ospkocic.edu.rs\/wp-content\/uploads\/2022\/04\/logo.png","contentUrl":"https:\/\/ospkocic.edu.rs\/wp-content\/uploads\/2022\/04\/logo.png","width":120,"height":160,"caption":"O\u0160 Petar Ko\u010di\u0107 In\u0111ija"},"image":{"@id":"https:\/\/ospkocic.edu.rs\/#\/schema\/logo\/image\/"},"sameAs":["https:\/\/www.facebook.com\/groups\/8088991261","https:\/\/www.youtube.com\/channel\/UCNXE9uAnynPmW8m6xY_k2ig"]}]}},"_links":{"self":[{"href":"https:\/\/ospkocic.edu.rs\/index.php?rest_route=\/wp\/v2\/pages\/55","targetHints":{"allow":["GET"]}}],"collection":[{"href":"https:\/\/ospkocic.edu.rs\/index.php?rest_route=\/wp\/v2\/pages"}],"about":[{"href":"https:\/\/ospkocic.edu.rs\/index.php?rest_route=\/wp\/v2\/types\/page"}],"author":[{"embeddable":true,"href":"https:\/\/ospkocic.edu.rs\/index.php?rest_route=\/wp\/v2\/users\/1"}],"replies":[{"embeddable":true,"href":"https:\/\/ospkocic.edu.rs\/index.php?rest_route=%2Fwp%2Fv2%2Fcomments&post=55"}],"version-history":[{"count":40,"href":"https:\/\/ospkocic.edu.rs\/index.php?rest_route=\/wp\/v2\/pages\/55\/revisions"}],"predecessor-version":[{"id":3854,"href":"https:\/\/ospkocic.edu.rs\/index.php?rest_route=\/wp\/v2\/pages\/55\/revisions\/3854"}],"wp:attachment":[{"href":"https:\/\/ospkocic.edu.rs\/index.php?rest_route=%2Fwp%2Fv2%2Fmedia&parent=55"}],"curies":[{"name":"wp","href":"https:\/\/api.w.org\/{rel}","templated":true}]}}