{"id":3460,"date":"2024-06-24T11:23:54","date_gmt":"2024-06-24T10:23:54","guid":{"rendered":"https:\/\/ospkocic.edu.rs\/?page_id=3460"},"modified":"2024-06-24T11:33:28","modified_gmt":"2024-06-24T10:33:28","slug":"%d0%bf%d1%83%d1%82-%d0%b4%d0%be-%d1%81%d0%bc%d0%b0%d1%9a%d0%b5%d1%9a%d0%b0-%d0%be%d1%82%d0%bf%d0%b0%d0%b4%d0%b0","status":"publish","type":"page","link":"https:\/\/ospkocic.edu.rs\/?page_id=3460","title":{"rendered":"\u041f\u0443\u0442 \u0434\u043e \u0441\u043c\u0430\u045a\u0435\u045a\u0430 \u043e\u0442\u043f\u0430\u0434\u0430"},"content":{"rendered":"\n<div data-wp-interactive=\"core\/file\" class=\"wp-block-file\"><object data-wp-bind--hidden=\"!state.hasPdfPreview\" hidden class=\"wp-block-file__embed\" data=\"https:\/\/ospkocic.edu.rs\/wp-content\/uploads\/2024\/06\/\u0435\u0422winning-2023.-\u0437\u0430-\u0441\u0430\u0458\u0442.pdf\" type=\"application\/pdf\" style=\"width:100%;height:600px\" aria-label=\"Embed of \u0435\u0422winning-2023.-\u0437\u0430-\u0441\u0430\u0458\u0442.\"><\/object><a id=\"wp-block-file--media-7f828bc4-ea3b-42be-9a8c-4ab14f4a6029\" href=\"https:\/\/ospkocic.edu.rs\/wp-content\/uploads\/2024\/06\/\u0435\u0422winning-2023.-\u0437\u0430-\u0441\u0430\u0458\u0442.pdf\">\u0435\u0422winning-2023.-\u0437\u0430-\u0441\u0430\u0458\u0442<\/a><a href=\"https:\/\/ospkocic.edu.rs\/wp-content\/uploads\/2024\/06\/\u0435\u0422winning-2023.-\u0437\u0430-\u0441\u0430\u0458\u0442.pdf\" class=\"wp-block-file__button wp-element-button\" download aria-describedby=\"wp-block-file--media-7f828bc4-ea3b-42be-9a8c-4ab14f4a6029\">Download<\/a><\/div>\n\n\n\n<div class=\"alignnormal\"><div id=\"metaslider-id-3433\" style=\"max-width: 700px; margin: 0 auto;\" class=\"ml-slider-3-108-0 metaslider metaslider-flex metaslider-3433 ml-slider has-dots-nav ms-theme-default\" role=\"region\" aria-label=\"Smanjenje otpada\" data-height=\"300\" data-width=\"700\">\n    <div id=\"metaslider_container_3433\">\n        <div id=\"metaslider_3433\">\n            <ul class='slides'>\n                <li style=\"display: block; width: 100%;\" class=\"slide-3447 ms-image \" aria-roledescription=\"slide\" data-date=\"2024-06-24 11:21:53\" data-filename=\"bath-boombs-scaled-700x300.jpg\" data-slide-type=\"image\"><img loading=\"lazy\" decoding=\"async\" src=\"https:\/\/ospkocic.edu.rs\/wp-content\/uploads\/2024\/06\/bath-boombs-scaled-700x300.jpg\" height=\"300\" width=\"700\" alt=\"\" class=\"slider-3433 slide-3447 msDefaultImage\" title=\"bath boombs\" \/><\/li>\n                <li style=\"display: none; width: 100%;\" class=\"slide-3448 ms-image \" aria-roledescription=\"slide\" data-date=\"2024-06-24 11:21:53\" data-filename=\"blossom-of-the-seeds-5-700x300.jpg\" data-slide-type=\"image\"><img loading=\"lazy\" decoding=\"async\" src=\"https:\/\/ospkocic.edu.rs\/wp-content\/uploads\/2024\/06\/blossom-of-the-seeds-5-700x300.jpg\" height=\"300\" width=\"700\" alt=\"\" class=\"slider-3433 slide-3448 msDefaultImage\" title=\"blossom of the seeds 5\" \/><\/li>\n                <li style=\"display: none; width: 100%;\" class=\"slide-3449 ms-image \" aria-roledescription=\"slide\" data-date=\"2024-06-24 11:21:53\" data-filename=\"Cycling-for-the-Enviroment-700x300.jpg\" data-slide-type=\"image\"><img loading=\"lazy\" decoding=\"async\" src=\"https:\/\/ospkocic.edu.rs\/wp-content\/uploads\/2024\/06\/Cycling-for-the-Enviroment-700x300.jpg\" height=\"300\" width=\"700\" alt=\"\" class=\"slider-3433 slide-3449 msDefaultImage\" title=\"Cycling for the Enviroment\" \/><\/li>\n                <li style=\"display: none; width: 100%;\" class=\"slide-3450 ms-image \" aria-roledescription=\"slide\" data-date=\"2024-06-24 11:21:53\" data-filename=\"digitalne-cestitke-scaled-700x300.jpg\" data-slide-type=\"image\"><img loading=\"lazy\" decoding=\"async\" src=\"https:\/\/ospkocic.edu.rs\/wp-content\/uploads\/2024\/06\/digitalne-cestitke-scaled-700x300.jpg\" height=\"300\" width=\"700\" alt=\"\" class=\"slider-3433 slide-3450 msDefaultImage\" title=\"digitalne cestitke\" \/><\/li>\n                <li style=\"display: none; width: 100%;\" class=\"slide-3451 ms-image \" aria-roledescription=\"slide\" data-date=\"2024-06-24 11:21:53\" data-filename=\"food-leftovers-5-700x300.jpg\" data-slide-type=\"image\"><img loading=\"lazy\" decoding=\"async\" src=\"https:\/\/ospkocic.edu.rs\/wp-content\/uploads\/2024\/06\/food-leftovers-5-700x300.jpg\" height=\"300\" width=\"700\" alt=\"\" class=\"slider-3433 slide-3451 msDefaultImage\" title=\"food leftovers 5\" \/><\/li>\n                <li style=\"display: none; width: 100%;\" class=\"slide-3452 ms-image \" aria-roledescription=\"slide\" data-date=\"2024-06-24 11:21:53\" data-filename=\"keltsko-selo-scaled-700x300.jpg\" data-slide-type=\"image\"><img loading=\"lazy\" decoding=\"async\" src=\"https:\/\/ospkocic.edu.rs\/wp-content\/uploads\/2024\/06\/keltsko-selo-scaled-700x300.jpg\" height=\"300\" width=\"700\" alt=\"\" class=\"slider-3433 slide-3452 msDefaultImage\" title=\"keltsko selo\" \/><\/li>\n                <li style=\"display: none; width: 100%;\" class=\"slide-3453 ms-image \" aria-roledescription=\"slide\" data-date=\"2024-06-24 11:21:53\" data-filename=\"logo-izbor-scaled-700x300.jpg\" data-slide-type=\"image\"><img loading=\"lazy\" decoding=\"async\" src=\"https:\/\/ospkocic.edu.rs\/wp-content\/uploads\/2024\/06\/logo-izbor-scaled-700x300.jpg\" height=\"300\" width=\"700\" alt=\"\" class=\"slider-3433 slide-3453 msDefaultImage\" title=\"logo izbor\" \/><\/li>\n                <li style=\"display: none; width: 100%;\" class=\"slide-3454 ms-image \" aria-roledescription=\"slide\" data-date=\"2024-06-24 11:21:53\" data-filename=\"online-meet-700x300.jpg\" data-slide-type=\"image\"><img loading=\"lazy\" decoding=\"async\" src=\"https:\/\/ospkocic.edu.rs\/wp-content\/uploads\/2024\/06\/online-meet-700x300.jpg\" height=\"300\" width=\"700\" alt=\"\" class=\"slider-3433 slide-3454 msDefaultImage\" title=\"online meet\" \/><\/li>\n                <li style=\"display: none; width: 100%;\" class=\"slide-3455 ms-image \" aria-roledescription=\"slide\" data-date=\"2024-06-24 11:21:54\" data-filename=\"pano-scaled-700x300.jpg\" data-slide-type=\"image\"><img loading=\"lazy\" decoding=\"async\" src=\"https:\/\/ospkocic.edu.rs\/wp-content\/uploads\/2024\/06\/pano-scaled-700x300.jpg\" height=\"300\" width=\"700\" alt=\"\" class=\"slider-3433 slide-3455 msDefaultImage\" title=\"pano\" \/><\/li>\n                <li style=\"display: none; width: 100%;\" class=\"slide-3456 ms-image \" aria-roledescription=\"slide\" data-date=\"2024-06-24 11:21:54\" data-filename=\"sadnja-2-scaled-700x300.jpg\" data-slide-type=\"image\"><img loading=\"lazy\" decoding=\"async\" src=\"https:\/\/ospkocic.edu.rs\/wp-content\/uploads\/2024\/06\/sadnja-2-scaled-700x300.jpg\" height=\"300\" width=\"700\" alt=\"\" class=\"slider-3433 slide-3456 msDefaultImage\" title=\"sadnja 2\" \/><\/li>\n                <li style=\"display: none; width: 100%;\" class=\"slide-3457 ms-image \" aria-roledescription=\"slide\" data-date=\"2024-06-24 11:21:54\" data-filename=\"sadnja-scaled-700x300.jpg\" data-slide-type=\"image\"><img loading=\"lazy\" decoding=\"async\" src=\"https:\/\/ospkocic.edu.rs\/wp-content\/uploads\/2024\/06\/sadnja-scaled-700x300.jpg\" height=\"300\" width=\"700\" alt=\"\" class=\"slider-3433 slide-3457 msDefaultImage\" title=\"sadnja\" \/><\/li>\n                <li style=\"display: none; width: 100%;\" class=\"slide-3458 ms-image \" aria-roledescription=\"slide\" data-date=\"2024-06-24 11:21:54\" data-filename=\"sertifikat-eT.2-700x300.jpg\" data-slide-type=\"image\"><img loading=\"lazy\" decoding=\"async\" src=\"https:\/\/ospkocic.edu.rs\/wp-content\/uploads\/2024\/06\/sertifikat-eT.2-700x300.jpg\" height=\"300\" width=\"700\" alt=\"\" class=\"slider-3433 slide-3458 msDefaultImage\" title=\"sertifikat eT.2\" \/><\/li>\n                <li style=\"display: none; width: 100%;\" class=\"slide-3459 ms-image \" aria-roledescription=\"slide\" data-date=\"2024-06-24 11:21:54\" data-filename=\"sertifikat-eTwinning-2023-700x300.jpg\" data-slide-type=\"image\"><img loading=\"lazy\" decoding=\"async\" src=\"https:\/\/ospkocic.edu.rs\/wp-content\/uploads\/2024\/06\/sertifikat-eTwinning-2023-700x300.jpg\" height=\"300\" width=\"700\" alt=\"\" class=\"slider-3433 slide-3459 msDefaultImage\" title=\"sertifikat eTwinning 2023\" \/><\/li>\n            <\/ul>\n        <\/div>\n        \n    <\/div>\n<\/div><\/div>\n","protected":false},"excerpt":{"rendered":"","protected":false},"author":1,"featured_media":0,"parent":0,"menu_order":0,"comment_status":"closed","ping_status":"closed","template":"","meta":{"footnotes":"","beyondwords_generate_audio":"","beyondwords_integration_method":"","beyondwords_project_id":"","beyondwords_content_id":"","beyondwords_preview_token":"","beyondwords_player_content":"","beyondwords_player_style":"","beyondwords_language_code":"","beyondwords_language_id":"","beyondwords_title_voice_id":"","beyondwords_body_voice_id":"","beyondwords_summary_voice_id":"","beyondwords_error_message":"","beyondwords_disabled":"","beyondwords_delete_content":"","beyondwords_podcast_id":"","beyondwords_hash":"","publish_post_to_speechkit":"","speechkit_hash":"","speechkit_generate_audio":"","speechkit_project_id":"","speechkit_podcast_id":"","speechkit_error_message":"","speechkit_disabled":"","speechkit_access_key":"","speechkit_error":"","speechkit_info":"","speechkit_response":"","speechkit_retries":"","speechkit_status":"","speechkit_updated_at":"","_speechkit_link":"","_speechkit_text":""},"class_list":["post-3460","page","type-page","status-publish","hentry"],"yoast_head":"<!-- This site is optimized with the Yoast SEO plugin v27.4 - https:\/\/yoast.com\/product\/yoast-seo-wordpress\/ -->\n<title>\u041f\u0443\u0442 \u0434\u043e \u0441\u043c\u0430\u045a\u0435\u045a\u0430 \u043e\u0442\u043f\u0430\u0434\u0430 - \u041e\u0428 ,,\u041f\u0435\u0442\u0430\u0440 \u041a\u043e\u0447\u0438\u045b&quot;, \u0418\u043d\u0452\u0438\u0458\u0430<\/title>\n<meta name=\"robots\" content=\"index, follow, max-snippet:-1, max-image-preview:large, max-video-preview:-1\" \/>\n<link rel=\"canonical\" href=\"https:\/\/ospkocic.edu.rs\/?page_id=3460\" \/>\n<meta property=\"og:locale\" content=\"en_US\" \/>\n<meta property=\"og:type\" content=\"article\" \/>\n<meta property=\"og:title\" content=\"\u041f\u0443\u0442 \u0434\u043e \u0441\u043c\u0430\u045a\u0435\u045a\u0430 \u043e\u0442\u043f\u0430\u0434\u0430 - \u041e\u0428 ,,\u041f\u0435\u0442\u0430\u0440 \u041a\u043e\u0447\u0438\u045b&quot;, \u0418\u043d\u0452\u0438\u0458\u0430\" \/>\n<meta property=\"og:url\" content=\"https:\/\/ospkocic.edu.rs\/?page_id=3460\" \/>\n<meta property=\"og:site_name\" content=\"\u041e\u0428 ,,\u041f\u0435\u0442\u0430\u0440 \u041a\u043e\u0447\u0438\u045b&quot;, \u0418\u043d\u0452\u0438\u0458\u0430\" \/>\n<meta property=\"article:publisher\" content=\"https:\/\/www.facebook.com\/groups\/8088991261\" \/>\n<meta property=\"article:modified_time\" content=\"2024-06-24T10:33:28+00:00\" \/>\n<meta name=\"twitter:card\" content=\"summary_large_image\" \/>\n<meta name=\"twitter:label1\" content=\"Est. reading time\" \/>\n\t<meta name=\"twitter:data1\" content=\"1 minute\" \/>\n<script type=\"application\/ld+json\" class=\"yoast-schema-graph\">{\"@context\":\"https:\\\/\\\/schema.org\",\"@graph\":[{\"@type\":\"WebPage\",\"@id\":\"https:\\\/\\\/ospkocic.edu.rs\\\/?page_id=3460\",\"url\":\"https:\\\/\\\/ospkocic.edu.rs\\\/?page_id=3460\",\"name\":\"\u041f\u0443\u0442 \u0434\u043e \u0441\u043c\u0430\u045a\u0435\u045a\u0430 \u043e\u0442\u043f\u0430\u0434\u0430 - \u041e\u0428 ,,\u041f\u0435\u0442\u0430\u0440 \u041a\u043e\u0447\u0438\u045b&quot;, \u0418\u043d\u0452\u0438\u0458\u0430\",\"isPartOf\":{\"@id\":\"https:\\\/\\\/ospkocic.edu.rs\\\/#website\"},\"datePublished\":\"2024-06-24T10:23:54+00:00\",\"dateModified\":\"2024-06-24T10:33:28+00:00\",\"breadcrumb\":{\"@id\":\"https:\\\/\\\/ospkocic.edu.rs\\\/?page_id=3460#breadcrumb\"},\"inLanguage\":\"en-US\",\"potentialAction\":[{\"@type\":\"ReadAction\",\"target\":[\"https:\\\/\\\/ospkocic.edu.rs\\\/?page_id=3460\"]}]},{\"@type\":\"BreadcrumbList\",\"@id\":\"https:\\\/\\\/ospkocic.edu.rs\\\/?page_id=3460#breadcrumb\",\"itemListElement\":[{\"@type\":\"ListItem\",\"position\":1,\"name\":\"Home\",\"item\":\"https:\\\/\\\/ospkocic.edu.rs\\\/\"},{\"@type\":\"ListItem\",\"position\":2,\"name\":\"\u041f\u0443\u0442 \u0434\u043e \u0441\u043c\u0430\u045a\u0435\u045a\u0430 \u043e\u0442\u043f\u0430\u0434\u0430\"}]},{\"@type\":\"WebSite\",\"@id\":\"https:\\\/\\\/ospkocic.edu.rs\\\/#website\",\"url\":\"https:\\\/\\\/ospkocic.edu.rs\\\/\",\"name\":\"\u041e\u0428 ,,\u041f\u0435\u0442\u0430\u0440 \u041a\u043e\u0447\u0438\u045b&quot;, \u0418\u043d\u0452\u0438\u0458\u0430\",\"description\":\"O\u0160 Petar Ko\u010di\u0107 In\u0111ija\",\"publisher\":{\"@id\":\"https:\\\/\\\/ospkocic.edu.rs\\\/#organization\"},\"potentialAction\":[{\"@type\":\"SearchAction\",\"target\":{\"@type\":\"EntryPoint\",\"urlTemplate\":\"https:\\\/\\\/ospkocic.edu.rs\\\/?s={search_term_string}\"},\"query-input\":{\"@type\":\"PropertyValueSpecification\",\"valueRequired\":true,\"valueName\":\"search_term_string\"}}],\"inLanguage\":\"en-US\"},{\"@type\":\"Organization\",\"@id\":\"https:\\\/\\\/ospkocic.edu.rs\\\/#organization\",\"name\":\"O\u0160 Petar Ko\u010di\u0107 In\u0111ija\",\"url\":\"https:\\\/\\\/ospkocic.edu.rs\\\/\",\"logo\":{\"@type\":\"ImageObject\",\"inLanguage\":\"en-US\",\"@id\":\"https:\\\/\\\/ospkocic.edu.rs\\\/#\\\/schema\\\/logo\\\/image\\\/\",\"url\":\"https:\\\/\\\/ospkocic.edu.rs\\\/wp-content\\\/uploads\\\/2022\\\/04\\\/logo.png\",\"contentUrl\":\"https:\\\/\\\/ospkocic.edu.rs\\\/wp-content\\\/uploads\\\/2022\\\/04\\\/logo.png\",\"width\":120,\"height\":160,\"caption\":\"O\u0160 Petar Ko\u010di\u0107 In\u0111ija\"},\"image\":{\"@id\":\"https:\\\/\\\/ospkocic.edu.rs\\\/#\\\/schema\\\/logo\\\/image\\\/\"},\"sameAs\":[\"https:\\\/\\\/www.facebook.com\\\/groups\\\/8088991261\",\"https:\\\/\\\/www.youtube.com\\\/channel\\\/UCNXE9uAnynPmW8m6xY_k2ig\"]}]}<\/script>\n<!-- \/ Yoast SEO plugin. -->","yoast_head_json":{"title":"\u041f\u0443\u0442 \u0434\u043e \u0441\u043c\u0430\u045a\u0435\u045a\u0430 \u043e\u0442\u043f\u0430\u0434\u0430 - \u041e\u0428 ,,\u041f\u0435\u0442\u0430\u0440 \u041a\u043e\u0447\u0438\u045b&quot;, \u0418\u043d\u0452\u0438\u0458\u0430","robots":{"index":"index","follow":"follow","max-snippet":"max-snippet:-1","max-image-preview":"max-image-preview:large","max-video-preview":"max-video-preview:-1"},"canonical":"https:\/\/ospkocic.edu.rs\/?page_id=3460","og_locale":"en_US","og_type":"article","og_title":"\u041f\u0443\u0442 \u0434\u043e \u0441\u043c\u0430\u045a\u0435\u045a\u0430 \u043e\u0442\u043f\u0430\u0434\u0430 - \u041e\u0428 ,,\u041f\u0435\u0442\u0430\u0440 \u041a\u043e\u0447\u0438\u045b&quot;, \u0418\u043d\u0452\u0438\u0458\u0430","og_url":"https:\/\/ospkocic.edu.rs\/?page_id=3460","og_site_name":"\u041e\u0428 ,,\u041f\u0435\u0442\u0430\u0440 \u041a\u043e\u0447\u0438\u045b&quot;, \u0418\u043d\u0452\u0438\u0458\u0430","article_publisher":"https:\/\/www.facebook.com\/groups\/8088991261","article_modified_time":"2024-06-24T10:33:28+00:00","twitter_card":"summary_large_image","twitter_misc":{"Est. reading time":"1 minute"},"schema":{"@context":"https:\/\/schema.org","@graph":[{"@type":"WebPage","@id":"https:\/\/ospkocic.edu.rs\/?page_id=3460","url":"https:\/\/ospkocic.edu.rs\/?page_id=3460","name":"\u041f\u0443\u0442 \u0434\u043e \u0441\u043c\u0430\u045a\u0435\u045a\u0430 \u043e\u0442\u043f\u0430\u0434\u0430 - \u041e\u0428 ,,\u041f\u0435\u0442\u0430\u0440 \u041a\u043e\u0447\u0438\u045b&quot;, \u0418\u043d\u0452\u0438\u0458\u0430","isPartOf":{"@id":"https:\/\/ospkocic.edu.rs\/#website"},"datePublished":"2024-06-24T10:23:54+00:00","dateModified":"2024-06-24T10:33:28+00:00","breadcrumb":{"@id":"https:\/\/ospkocic.edu.rs\/?page_id=3460#breadcrumb"},"inLanguage":"en-US","potentialAction":[{"@type":"ReadAction","target":["https:\/\/ospkocic.edu.rs\/?page_id=3460"]}]},{"@type":"BreadcrumbList","@id":"https:\/\/ospkocic.edu.rs\/?page_id=3460#breadcrumb","itemListElement":[{"@type":"ListItem","position":1,"name":"Home","item":"https:\/\/ospkocic.edu.rs\/"},{"@type":"ListItem","position":2,"name":"\u041f\u0443\u0442 \u0434\u043e \u0441\u043c\u0430\u045a\u0435\u045a\u0430 \u043e\u0442\u043f\u0430\u0434\u0430"}]},{"@type":"WebSite","@id":"https:\/\/ospkocic.edu.rs\/#website","url":"https:\/\/ospkocic.edu.rs\/","name":"\u041e\u0428 ,,\u041f\u0435\u0442\u0430\u0440 \u041a\u043e\u0447\u0438\u045b&quot;, \u0418\u043d\u0452\u0438\u0458\u0430","description":"O\u0160 Petar Ko\u010di\u0107 In\u0111ija","publisher":{"@id":"https:\/\/ospkocic.edu.rs\/#organization"},"potentialAction":[{"@type":"SearchAction","target":{"@type":"EntryPoint","urlTemplate":"https:\/\/ospkocic.edu.rs\/?s={search_term_string}"},"query-input":{"@type":"PropertyValueSpecification","valueRequired":true,"valueName":"search_term_string"}}],"inLanguage":"en-US"},{"@type":"Organization","@id":"https:\/\/ospkocic.edu.rs\/#organization","name":"O\u0160 Petar Ko\u010di\u0107 In\u0111ija","url":"https:\/\/ospkocic.edu.rs\/","logo":{"@type":"ImageObject","inLanguage":"en-US","@id":"https:\/\/ospkocic.edu.rs\/#\/schema\/logo\/image\/","url":"https:\/\/ospkocic.edu.rs\/wp-content\/uploads\/2022\/04\/logo.png","contentUrl":"https:\/\/ospkocic.edu.rs\/wp-content\/uploads\/2022\/04\/logo.png","width":120,"height":160,"caption":"O\u0160 Petar Ko\u010di\u0107 In\u0111ija"},"image":{"@id":"https:\/\/ospkocic.edu.rs\/#\/schema\/logo\/image\/"},"sameAs":["https:\/\/www.facebook.com\/groups\/8088991261","https:\/\/www.youtube.com\/channel\/UCNXE9uAnynPmW8m6xY_k2ig"]}]}},"_links":{"self":[{"href":"https:\/\/ospkocic.edu.rs\/index.php?rest_route=\/wp\/v2\/pages\/3460","targetHints":{"allow":["GET"]}}],"collection":[{"href":"https:\/\/ospkocic.edu.rs\/index.php?rest_route=\/wp\/v2\/pages"}],"about":[{"href":"https:\/\/ospkocic.edu.rs\/index.php?rest_route=\/wp\/v2\/types\/page"}],"author":[{"embeddable":true,"href":"https:\/\/ospkocic.edu.rs\/index.php?rest_route=\/wp\/v2\/users\/1"}],"replies":[{"embeddable":true,"href":"https:\/\/ospkocic.edu.rs\/index.php?rest_route=%2Fwp%2Fv2%2Fcomments&post=3460"}],"version-history":[{"count":2,"href":"https:\/\/ospkocic.edu.rs\/index.php?rest_route=\/wp\/v2\/pages\/3460\/revisions"}],"predecessor-version":[{"id":3505,"href":"https:\/\/ospkocic.edu.rs\/index.php?rest_route=\/wp\/v2\/pages\/3460\/revisions\/3505"}],"wp:attachment":[{"href":"https:\/\/ospkocic.edu.rs\/index.php?rest_route=%2Fwp%2Fv2%2Fmedia&parent=3460"}],"curies":[{"name":"wp","href":"https:\/\/api.w.org\/{rel}","templated":true}]}}